- 4. Suppose 34 = f*r - 6. What are the prime factors of r?
2
Suppose 121 = 5*p - 109. Suppose -3*d + p - 4 = 0. List the prime factors of d.
2, 7
Let v be 1/4 - (-31)/4. What are the prime factors of (-2 - -1 - -3) + v?
2, 5
Suppose -14 = -x - 5. What are the prime factors of x?
3
What are the prime factors of (8 + 167)*(-1 + (-2 - -4))?
5, 7
List the prime factors of 45/(-36)*-238 + (-1)/2.
3, 11
List the prime factors of (6/(-9))/(4/(-138)).
23
Suppose 3*i = 4*i - 3. Suppose i*y - 126 - 15 = 0. What are the prime factors of y?
47
Suppose -4*n - 9 = 5*m, -2*n + 4*m + 3 = 5*m. List the prime factors of n.
2
Let v(m) = -m**2 + 8*m + 3. Let l be v(7). Let a = l - -32. List the prime factors of a.
2, 3, 7
Let g be 6 - 2*(-2)/(-4). Let p = -3 + g. List the prime factors of p - 1 - 1*-11.
2, 3
Suppose 2*h + 6 + 6 = 0. List the prime factors of ((-9)/h)/(3/70).
5, 7
Let p(y) = 2*y**3 + 7*y + 6*y**2 + y**3 - 2*y**3 + 9. Let a(i) = 3*i**3 + 17*i**2 + 20*i + 27. Let n(m) = 2*a(m) - 7*p(m). What are the prime factors of n(-7)?
5
Suppose 0 = i - 0*i. Let p = i - -2. List the prime factors of p.
2
Let n = -95 + 180. What are the prime factors of n?
5, 17
Let y be 1/(-1 + 48/45). Suppose -2*x - x = -y. List the prime factors of x.
5
Let o(g) = g + 11. Let i be o(-7). Suppose 4*x = 2*x + i. List the prime factors of x.
2
Let l = 0 + 2. Suppose l*r + 84 = 4*r. Suppose 0 = -3*u + 2*c + 30, -4*u + 2*c + r = -0*u. List the prime factors of u.
2, 3
Let z = 12 + 39. What are the prime factors of z?
3, 17
Let r = -45 - -142. List the prime factors of r.
97
Let u = -39 - -21. Let d = -8 + u. Let c = d + 40. What are the prime factors of c?
2, 7
Suppose 4*q - 24 = -2*w + 2*q, w - 5*q - 30 = 0. Suppose a + 2*d = 6, -a = -2*a + d + w. List the prime factors of a.
2, 3
Let o(p) = -5*p - 4. List the prime factors of o(-3).
11
Let p(m) = -2*m - 10. Let o be p(-7). Suppose -3*x + 2 = -o. List the prime factors of x.
2
Let s(z) = z - 4. Let o be s(-5). Let t(p) = -2*p - 13. List the prime factors of t(o).
5
Suppose 9*j = 4*j + 265. What are the prime factors of j?
53
Let x(o) = -1. Let m(r) = r**2 - 12. Let z(f) = -m(f) + 4*x(f). List the prime factors of z(0).
2
Let j be (0/2 - 1)/1. Let v = j - -3. Suppose -4*r = -18 - v. What are the prime factors of r?
5
Suppose -3*y - 24 = 5*s, -5*s + 4*y - 2*y = 9. Let p be 6*(2 + 4/s). Suppose -4*v = 3 - 23, p*v - 33 = -d. List the prime factors of d.
13
Let u be (-10)/4*(0 - -18). List the prime factors of (-6)/27 + (-235)/u.
5
Suppose 5*c = 7*c - 86. List the prime factors of c.
43
Let s be (-5)/(-2)*(-56)/(-20). Suppose 4*c = -5*u + 120, -4*c = 3*u - 65 - s. List the prime factors of u.
2, 3
List the prime factors of (2/5 + (-765)/(-25))*1.
31
Let s(w) = w**2 + 7*w + 2. Let c(a) = -a**2 + 4*a - 1. Let j be c(3). Suppose -65 = 5*v + 5*q, v + j*v + 14 = 2*q. What are the prime factors of s(v)?
2, 5
Suppose 12 + 3 = 3*s. Suppose 5 + 15 = s*l. Suppose -3*i + l*i - 27 = 5*r, 5*r = -10. List the prime factors of i.
17
What are the prime factors of 122/6 - 4/(-6)?
3, 7
Let f = -5 + 9. Let t = -4 + f. Suppose -y - 9 = -2*u, -u + 2*y - 4*y + 12 = t. What are the prime factors of u?
2, 3
Let y(u) = -8*u**2 - 9*u + u**2 + 8*u**2 + 10. Let j be y(8). Suppose 1 = -j*b + 7. What are the prime factors of b?
3
Let i = 5 + -1. Suppose 4*g - 63 = -i*p - 19, 0 = -p - 4. List the prime factors of g.
3, 5
Let u(x) = 6*x**2 - 10. List the prime factors of u(5).
2, 5, 7
Let d = 6 + -5. List the prime factors of (-2 + d)/(3/(-69)).
23
Let n(i) = 10*i**2 + 4*i - 1. Let h be n(2). Let x = h + -27. List the prime factors of x.
2, 5
Suppose p = -w - 4*p + 117, 0 = 2*w - 2*p - 186. Suppose 4*s + w = -47. What are the prime factors of s/(-15)*(-20)/(-6)?
2
Let j(o) = 4*o - 8. Let c be j(7). What are the prime factors of 1/((6/c)/3)?
2, 5
Suppose 3*z - 6*z = -66. List the prime factors of z.
2, 11
Let z = 162 + 119. What are the prime factors of z?
281
Let h(j) = -2*j**2 - 5*j - 3. Let y be h(-3). Let b(o) = o - 19. Let v be b(9). Let r = y - v. List the prime factors of r.
2
Let c = -4 - 1. List the prime factors of (8/4)/((-2)/c).
5
Let y(g) = -6*g**3 - 2*g**2 - 1. List the prime factors of y(-2).
3, 13
Let d = 10 - -3. Let l = -19 + 27. Let h = d - l. List the prime factors of h.
5
Suppose -3*g = -4*b - 40, 24 - 6 = g + b. What are the prime factors of g?
2
Suppose -11 - 4 = -5*r. Suppose -r*t + 43 = -20. What are the prime factors of t?
3, 7
Suppose 13*q = q + 3744. List the prime factors of q.
2, 3, 13
Suppose -6*d = -9*d + 111. List the prime factors of d.
37
Let z(j) = 5*j + 4. List the prime factors of z(3).
19
Suppose 5*p + 5*q - 14 = 36, 0 = 2*p + 5*q - 35. Suppose 0 = -p*s + 66 - 6. List the prime factors of s.
2, 3
What are the prime factors of -3 + 28/12 + (-518)/(-3)?
2, 43
Suppose 22 = 5*r - 3. Suppose -4*g = 3*h - 20, 11 = r*h - 3*g - 3. Suppose 37 = 3*k + 5*y, 4*y + 4 = -h*k + 40. What are the prime factors of k?
2
Suppose -3*j - 2*j - 62 = -2*l, -2*l = -4*j - 60. Suppose -i + 8 = -l. What are the prime factors of i?
2, 17
Suppose -2*g = 2*g + 4. Let l(k) = 7*k**2 + 1. What are the prime factors of l(g)?
2
Let z(u) = -u + 15. Let y be z(11). Suppose -4*l + 9*l - 65 = 0. Let t = l - y. List the prime factors of t.
3
Let x = 3 + -3. Suppose x = -3*b + 4*b + 3*s - 18, 5*b - 60 = -5*s. List the prime factors of b.
3
Suppose -o + 56 = 3*o. What are the prime factors of 3*2/4*o?
3, 7
Let i(v) = 53*v - 1 - v**3 - 53*v. List the prime factors of i(-2).
7
Let r be (2 - 2 - -2) + 11. Suppose 4*l - a - r = -0*a, -3*l = 5*a + 19. Suppose -22 = l*p - 4*p. What are the prime factors of p?
11
Suppose -a - 19 + 278 = 0. What are the prime factors of a?
7, 37
List the prime factors of ((-63)/(-2))/(6/12).
3, 7
Let k be 1/(-2)*3*2. Let v(h) = -h - 1. Let j be v(k). Suppose j*a + 0*a = 10. List the prime factors of a.
5
Let x = -4 - -7. Suppose -m - m + 34 = x*d, -3*d + m = -37. List the prime factors of d.
2, 3
Let m = 1 + -4. What are the prime factors of (m/2)/((-18)/48)?
2
Let i(s) = -s + 11. Let c be i(9). Suppose 4 = -0*f + c*f. Suppose 0 = 5*r + 15 - 5, -f*h - r + 16 = 0. List the prime factors of h.
3
Let w be 2 + -1*10/2. Let i = 3 + w. Suppose i = -2*h + 16 + 8. What are the prime factors of h?
2, 3
Suppose 659 = -5*b - 4*s + 134, s = -2*b - 210. List the prime factors of 2/15 + (-1981)/b.
19
Let n be ((-111)/2)/((-3)/4). Let p = n - 38. Suppose p = m + 2*m. List the prime factors of m.
2, 3
Suppose 0 = 3*d - 37 - 41. List the prime factors of d.
2, 13
Let f be 4/(-10) - (-4)/10. Suppose 2*i = -2*i. Suppose 4 = 4*d + 4*o, f = -2*d - 4*o - i*o. What are the prime factors of d?
2
Suppose -o - 3*o = -k + 61, -5*k = -4*o - 65. Let b be (11 + -1)/((-3)/o). What are the prime factors of (b/15)/((-2)/(-6))?
2, 5
Suppose 0 = -m + 3*m. Suppose -l + 4 = -m*l. Suppose -l*a - 3*h = -20, 0 = 5*a + h - 2*h - 25. List the prime factors of a.
5
Let f = -75 + 86. What are the prime factors of f?
11
What are the prime factors of 0/1 + (-5 + 66 - -1)?
2, 31
Let i(h) = -28*h - 1. What are the prime factors of i(-1)?
3
Suppose -5*l = 232 + 328. Let i = l - -167. What are the prime factors of i?
5, 11
Let o be (-4)/1 - (-2)/(-2). Let f(v) = -v**3 - 6 - v - 2*v**2 - 2*v**2 + v**2 + 6*v. List the prime factors of f(o).
19
Let g(z) = -z**2 + 8*z - 4. Let n be g(7). Suppose -4*x + 3*b + 7 = -2*x, -n*b = 3*x - 3. List the prime factors of x.
2
Let w(t) be the second derivative of t**4/12 - t**3 + t**2 + 2*t. Let p be w(6). Suppose -p*s + 13 = 1. List the prime factors of s.
2, 3
Let u(q) = 156*q**3 - q**2 + q - 1. List the prime factors of u(1).
5, 31
Let g(y) = y**3 + 4*y**2 - 9*y - 9. Let t be g(-6). Let q = 11 + t. Let l = -10 - q. What are the prime factors of l?
2, 3
Let l(f) be the first derivative of -f**4/4 - 3*f**3 + 4*f**2 - 10*f - 1. What are the prime factors of l(-10)?
2, 5
Suppose 3*f - 16 = -5*q + 14, -2*f + 1 = -3*q. Suppose 3*w + f = -5*z, z - 2*z - 18 = 4*w. List the prime factors of (1*z)/(-1 + 2).
2
List the prime factors of (-38)/(1/(-2) - 0).
2, 19
Suppose 0*t - 6*t = -114. What are the prime factors of t?
19
Suppose 436 = 5*l - l. What are the prime factors of l?
109
Let a = 52 - 22. List the prime factors of a.
2, 3, 5
Let t(w) = 0*w**3 + 11 - 8*w -